{"id":1592,"date":"2023-10-14T18:06:05","date_gmt":"2023-10-14T16:06:05","guid":{"rendered":"http:\/\/www.memorialcompanyssabadell.cat\/?page_id=1592"},"modified":"2023-10-14T18:21:28","modified_gmt":"2023-10-14T16:21:28","slug":"conferencia-sobre-companys-segui-i-layret","status":"publish","type":"page","link":"http:\/\/www.memorialcompanyssabadell.cat\/?page_id=1592","title":{"rendered":"Confer\u00e8ncia sobre Companys, Segu\u00ed i Layret"},"content":{"rendered":"\n<p>El 14 de mar\u00e7 d&#8217;enguany, l&#8217;historiador Arnau Berenguer fa fer la confer\u00e8ncia <strong><em>Segu\u00ed, Companys i Layret. Sindicalisme i republicanisme federal a la Catalunya i al Sabadell de principis del segle XX. <\/em><\/strong><\/p>\n\n\n\n<p>Aquest acte, que forma part del programa d&#8217;enguany del Memorial Llu\u00eds Companys a Sabadell, va tenir lloc al Casal Pere Quart, i va comptar amb una nodrida assist\u00e8ncia de p\u00fablic que va seguir amb molt inter\u00e8s les documentades explicacions del conferenciant.<\/p>\n\n\n\n<figure class=\"wp-block-gallery has-nested-images columns-default is-cropped wp-block-gallery-1 is-layout-flex wp-block-gallery-is-layout-flex\">\n<figure class=\"wp-block-image size-large\"><img loading=\"lazy\" decoding=\"async\" width=\"1024\" height=\"768\" data-id=\"1598\" src=\"http:\/\/www.memorialcompanyssabadell.cat\/wp-content\/uploads\/2023\/10\/5802891998678595958_121-1024x768.jpg\" alt=\"\" class=\"wp-image-1598\" srcset=\"http:\/\/www.memorialcompanyssabadell.cat\/wp-content\/uploads\/2023\/10\/5802891998678595958_121-1024x768.jpg 1024w, http:\/\/www.memorialcompanyssabadell.cat\/wp-content\/uploads\/2023\/10\/5802891998678595958_121-300x225.jpg 300w, http:\/\/www.memorialcompanyssabadell.cat\/wp-content\/uploads\/2023\/10\/5802891998678595958_121-768x576.jpg 768w, http:\/\/www.memorialcompanyssabadell.cat\/wp-content\/uploads\/2023\/10\/5802891998678595958_121-400x300.jpg 400w, http:\/\/www.memorialcompanyssabadell.cat\/wp-content\/uploads\/2023\/10\/5802891998678595958_121.jpg 1280w\" sizes=\"auto, (max-width: 1024px) 100vw, 1024px\" \/><\/figure>\n\n\n\n<figure class=\"wp-block-image size-large\"><img loading=\"lazy\" decoding=\"async\" width=\"1024\" height=\"768\" data-id=\"1599\" src=\"http:\/\/www.memorialcompanyssabadell.cat\/wp-content\/uploads\/2023\/10\/5802891998678595959_121-1024x768.jpg\" alt=\"\" class=\"wp-image-1599\" srcset=\"http:\/\/www.memorialcompanyssabadell.cat\/wp-content\/uploads\/2023\/10\/5802891998678595959_121-1024x768.jpg 1024w, http:\/\/www.memorialcompanyssabadell.cat\/wp-content\/uploads\/2023\/10\/5802891998678595959_121-300x225.jpg 300w, http:\/\/www.memorialcompanyssabadell.cat\/wp-content\/uploads\/2023\/10\/5802891998678595959_121-768x576.jpg 768w, http:\/\/www.memorialcompanyssabadell.cat\/wp-content\/uploads\/2023\/10\/5802891998678595959_121-400x300.jpg 400w, http:\/\/www.memorialcompanyssabadell.cat\/wp-content\/uploads\/2023\/10\/5802891998678595959_121.jpg 1280w\" sizes=\"auto, (max-width: 1024px) 100vw, 1024px\" \/><\/figure>\n\n\n\n<figure class=\"wp-block-image size-large\"><img loading=\"lazy\" decoding=\"async\" width=\"1024\" height=\"576\" data-id=\"1593\" src=\"http:\/\/www.memorialcompanyssabadell.cat\/wp-content\/uploads\/2023\/10\/5802891998678595949_121-1024x576.jpg\" alt=\"\" class=\"wp-image-1593\" srcset=\"http:\/\/www.memorialcompanyssabadell.cat\/wp-content\/uploads\/2023\/10\/5802891998678595949_121-1024x576.jpg 1024w, http:\/\/www.memorialcompanyssabadell.cat\/wp-content\/uploads\/2023\/10\/5802891998678595949_121-300x169.jpg 300w, http:\/\/www.memorialcompanyssabadell.cat\/wp-content\/uploads\/2023\/10\/5802891998678595949_121-768x432.jpg 768w, http:\/\/www.memorialcompanyssabadell.cat\/wp-content\/uploads\/2023\/10\/5802891998678595949_121-500x281.jpg 500w, http:\/\/www.memorialcompanyssabadell.cat\/wp-content\/uploads\/2023\/10\/5802891998678595949_121.jpg 1280w\" sizes=\"auto, (max-width: 1024px) 100vw, 1024px\" \/><\/figure>\n\n\n\n<figure class=\"wp-block-image size-large\"><img loading=\"lazy\" decoding=\"async\" width=\"1024\" height=\"768\" data-id=\"1600\" src=\"http:\/\/www.memorialcompanyssabadell.cat\/wp-content\/uploads\/2023\/10\/5802891998678595961_121-1024x768.jpg\" alt=\"\" class=\"wp-image-1600\" srcset=\"http:\/\/www.memorialcompanyssabadell.cat\/wp-content\/uploads\/2023\/10\/5802891998678595961_121-1024x768.jpg 1024w, http:\/\/www.memorialcompanyssabadell.cat\/wp-content\/uploads\/2023\/10\/5802891998678595961_121-300x225.jpg 300w, http:\/\/www.memorialcompanyssabadell.cat\/wp-content\/uploads\/2023\/10\/5802891998678595961_121-768x576.jpg 768w, http:\/\/www.memorialcompanyssabadell.cat\/wp-content\/uploads\/2023\/10\/5802891998678595961_121-400x300.jpg 400w, http:\/\/www.memorialcompanyssabadell.cat\/wp-content\/uploads\/2023\/10\/5802891998678595961_121.jpg 1280w\" sizes=\"auto, (max-width: 1024px) 100vw, 1024px\" \/><\/figure>\n\n\n\n<figure class=\"wp-block-image size-large\"><img loading=\"lazy\" decoding=\"async\" width=\"1024\" height=\"485\" data-id=\"1601\" src=\"http:\/\/www.memorialcompanyssabadell.cat\/wp-content\/uploads\/2023\/10\/5802891998678595962_121-1024x485.jpg\" alt=\"\" class=\"wp-image-1601\" srcset=\"http:\/\/www.memorialcompanyssabadell.cat\/wp-content\/uploads\/2023\/10\/5802891998678595962_121-1024x485.jpg 1024w, http:\/\/www.memorialcompanyssabadell.cat\/wp-content\/uploads\/2023\/10\/5802891998678595962_121-300x142.jpg 300w, http:\/\/www.memorialcompanyssabadell.cat\/wp-content\/uploads\/2023\/10\/5802891998678595962_121-768x364.jpg 768w, http:\/\/www.memorialcompanyssabadell.cat\/wp-content\/uploads\/2023\/10\/5802891998678595962_121-500x237.jpg 500w, http:\/\/www.memorialcompanyssabadell.cat\/wp-content\/uploads\/2023\/10\/5802891998678595962_121.jpg 1280w\" sizes=\"auto, (max-width: 1024px) 100vw, 1024px\" \/><\/figure>\n\n\n\n<figure class=\"wp-block-image size-large\"><img loading=\"lazy\" decoding=\"async\" width=\"1024\" height=\"768\" data-id=\"1597\" src=\"http:\/\/www.memorialcompanyssabadell.cat\/wp-content\/uploads\/2023\/10\/5802891998678595960_121-1024x768.jpg\" alt=\"\" class=\"wp-image-1597\" srcset=\"http:\/\/www.memorialcompanyssabadell.cat\/wp-content\/uploads\/2023\/10\/5802891998678595960_121-1024x768.jpg 1024w, http:\/\/www.memorialcompanyssabadell.cat\/wp-content\/uploads\/2023\/10\/5802891998678595960_121-300x225.jpg 300w, http:\/\/www.memorialcompanyssabadell.cat\/wp-content\/uploads\/2023\/10\/5802891998678595960_121-768x576.jpg 768w, http:\/\/www.memorialcompanyssabadell.cat\/wp-content\/uploads\/2023\/10\/5802891998678595960_121-400x300.jpg 400w, http:\/\/www.memorialcompanyssabadell.cat\/wp-content\/uploads\/2023\/10\/5802891998678595960_121.jpg 1280w\" sizes=\"auto, (max-width: 1024px) 100vw, 1024px\" \/><\/figure>\n\n\n\n<figure class=\"wp-block-image size-large\"><img loading=\"lazy\" decoding=\"async\" width=\"1024\" height=\"576\" data-id=\"1594\" src=\"http:\/\/www.memorialcompanyssabadell.cat\/wp-content\/uploads\/2023\/10\/5802891998678595948_121-1024x576.jpg\" alt=\"\" class=\"wp-image-1594\" srcset=\"http:\/\/www.memorialcompanyssabadell.cat\/wp-content\/uploads\/2023\/10\/5802891998678595948_121-1024x576.jpg 1024w, http:\/\/www.memorialcompanyssabadell.cat\/wp-content\/uploads\/2023\/10\/5802891998678595948_121-300x169.jpg 300w, http:\/\/www.memorialcompanyssabadell.cat\/wp-content\/uploads\/2023\/10\/5802891998678595948_121-768x432.jpg 768w, http:\/\/www.memorialcompanyssabadell.cat\/wp-content\/uploads\/2023\/10\/5802891998678595948_121-500x281.jpg 500w, http:\/\/www.memorialcompanyssabadell.cat\/wp-content\/uploads\/2023\/10\/5802891998678595948_121.jpg 1280w\" sizes=\"auto, (max-width: 1024px) 100vw, 1024px\" \/><\/figure>\n\n\n\n<figure class=\"wp-block-image size-large\"><img loading=\"lazy\" decoding=\"async\" width=\"1024\" height=\"576\" data-id=\"1596\" src=\"http:\/\/www.memorialcompanyssabadell.cat\/wp-content\/uploads\/2023\/10\/5802891998678595950_121-1024x576.jpg\" alt=\"\" class=\"wp-image-1596\" srcset=\"http:\/\/www.memorialcompanyssabadell.cat\/wp-content\/uploads\/2023\/10\/5802891998678595950_121-1024x576.jpg 1024w, http:\/\/www.memorialcompanyssabadell.cat\/wp-content\/uploads\/2023\/10\/5802891998678595950_121-300x169.jpg 300w, http:\/\/www.memorialcompanyssabadell.cat\/wp-content\/uploads\/2023\/10\/5802891998678595950_121-768x432.jpg 768w, http:\/\/www.memorialcompanyssabadell.cat\/wp-content\/uploads\/2023\/10\/5802891998678595950_121-500x281.jpg 500w, http:\/\/www.memorialcompanyssabadell.cat\/wp-content\/uploads\/2023\/10\/5802891998678595950_121.jpg 1280w\" sizes=\"auto, (max-width: 1024px) 100vw, 1024px\" \/><\/figure>\n\n\n\n<figure class=\"wp-block-image size-large\"><img loading=\"lazy\" decoding=\"async\" width=\"1024\" height=\"576\" data-id=\"1595\" src=\"http:\/\/www.memorialcompanyssabadell.cat\/wp-content\/uploads\/2023\/10\/5802891998678595951_121-1024x576.jpg\" alt=\"\" class=\"wp-image-1595\" srcset=\"http:\/\/www.memorialcompanyssabadell.cat\/wp-content\/uploads\/2023\/10\/5802891998678595951_121-1024x576.jpg 1024w, http:\/\/www.memorialcompanyssabadell.cat\/wp-content\/uploads\/2023\/10\/5802891998678595951_121-300x169.jpg 300w, http:\/\/www.memorialcompanyssabadell.cat\/wp-content\/uploads\/2023\/10\/5802891998678595951_121-768x432.jpg 768w, http:\/\/www.memorialcompanyssabadell.cat\/wp-content\/uploads\/2023\/10\/5802891998678595951_121-500x281.jpg 500w, http:\/\/www.memorialcompanyssabadell.cat\/wp-content\/uploads\/2023\/10\/5802891998678595951_121.jpg 1280w\" sizes=\"auto, (max-width: 1024px) 100vw, 1024px\" \/><\/figure>\n<\/figure>\n\n\n\n<p>Agra\u00efm a en Gen\u00eds Rib\u00e9 i en Marc Serrano \u00d2ssul que ens hagin cedit aquestes fotografies.<\/p>\n","protected":false},"excerpt":{"rendered":"<p>El 14 de mar\u00e7 d&#8217;enguany, l&#8217;historiador Arnau Berenguer fa fer la confer\u00e8ncia Segu\u00ed, Companys i Layret. Sindicalisme i republicanisme federal a la Catalunya i al Sabadell de principis del segle XX. Aquest acte, que forma part del programa d&#8217;enguany del &hellip; <a href=\"http:\/\/www.memorialcompanyssabadell.cat\/?page_id=1592\">Continua llegint <span class=\"meta-nav\">&rarr;<\/span><\/a><\/p>\n","protected":false},"author":2,"featured_media":0,"parent":0,"menu_order":0,"comment_status":"closed","ping_status":"closed","template":"","meta":{"footnotes":""},"class_list":["post-1592","page","type-page","status-publish","hentry"],"_links":{"self":[{"href":"http:\/\/www.memorialcompanyssabadell.cat\/index.php?rest_route=\/wp\/v2\/pages\/1592","targetHints":{"allow":["GET"]}}],"collection":[{"href":"http:\/\/www.memorialcompanyssabadell.cat\/index.php?rest_route=\/wp\/v2\/pages"}],"about":[{"href":"http:\/\/www.memorialcompanyssabadell.cat\/index.php?rest_route=\/wp\/v2\/types\/page"}],"author":[{"embeddable":true,"href":"http:\/\/www.memorialcompanyssabadell.cat\/index.php?rest_route=\/wp\/v2\/users\/2"}],"replies":[{"embeddable":true,"href":"http:\/\/www.memorialcompanyssabadell.cat\/index.php?rest_route=%2Fwp%2Fv2%2Fcomments&post=1592"}],"version-history":[{"count":6,"href":"http:\/\/www.memorialcompanyssabadell.cat\/index.php?rest_route=\/wp\/v2\/pages\/1592\/revisions"}],"predecessor-version":[{"id":1609,"href":"http:\/\/www.memorialcompanyssabadell.cat\/index.php?rest_route=\/wp\/v2\/pages\/1592\/revisions\/1609"}],"wp:attachment":[{"href":"http:\/\/www.memorialcompanyssabadell.cat\/index.php?rest_route=%2Fwp%2Fv2%2Fmedia&parent=1592"}],"curies":[{"name":"wp","href":"https:\/\/api.w.org\/{rel}","templated":true}]}}

Conferència sobre Companys, Seguí i Layret

<p>El 14 de març d&#8217;enguany, l&#8217;historiador Arnau Berenguer fa fer la conferència <strong><em>Seguí, Companys i Layret. Sindicalisme i republicanisme federal a la Catalunya i al Sabadell de principis del segle XX. </em></strong></p>



<p>Aquest acte, que forma part del programa d&#8217;enguany del Memorial Lluís Companys a Sabadell, va tenir lloc al Casal Pere Quart, i va comptar amb una nodrida assistència de públic que va seguir amb molt interès les documentades explicacions del conferenciant.</p>



<figure class="wp-block-gallery has-nested-images columns-default is-cropped wp-block-gallery-1 is-layout-flex wp-block-gallery-is-layout-flex">
<figure class="wp-block-image size-large"><img loading="lazy" decoding="async" width="1024" height="768" data-id="1598" src="http://www.memorialcompanyssabadell.cat/wp-content/uploads/2023/10/5802891998678595958_121-1024x768.jpg" alt="" class="wp-image-1598" srcset="http://www.memorialcompanyssabadell.cat/wp-content/uploads/2023/10/5802891998678595958_121-1024x768.jpg 1024w, http://www.memorialcompanyssabadell.cat/wp-content/uploads/2023/10/5802891998678595958_121-300x225.jpg 300w, http://www.memorialcompanyssabadell.cat/wp-content/uploads/2023/10/5802891998678595958_121-768x576.jpg 768w, http://www.memorialcompanyssabadell.cat/wp-content/uploads/2023/10/5802891998678595958_121-400x300.jpg 400w, http://www.memorialcompanyssabadell.cat/wp-content/uploads/2023/10/5802891998678595958_121.jpg 1280w" sizes="auto, (max-width: 1024px) 100vw, 1024px" /></figure>



<figure class="wp-block-image size-large"><img loading="lazy" decoding="async" width="1024" height="768" data-id="1599" src="http://www.memorialcompanyssabadell.cat/wp-content/uploads/2023/10/5802891998678595959_121-1024x768.jpg" alt="" class="wp-image-1599" srcset="http://www.memorialcompanyssabadell.cat/wp-content/uploads/2023/10/5802891998678595959_121-1024x768.jpg 1024w, http://www.memorialcompanyssabadell.cat/wp-content/uploads/2023/10/5802891998678595959_121-300x225.jpg 300w, http://www.memorialcompanyssabadell.cat/wp-content/uploads/2023/10/5802891998678595959_121-768x576.jpg 768w, http://www.memorialcompanyssabadell.cat/wp-content/uploads/2023/10/5802891998678595959_121-400x300.jpg 400w, http://www.memorialcompanyssabadell.cat/wp-content/uploads/2023/10/5802891998678595959_121.jpg 1280w" sizes="auto, (max-width: 1024px) 100vw, 1024px" /></figure>



<figure class="wp-block-image size-large"><img loading="lazy" decoding="async" width="1024" height="576" data-id="1593" src="http://www.memorialcompanyssabadell.cat/wp-content/uploads/2023/10/5802891998678595949_121-1024x576.jpg" alt="" class="wp-image-1593" srcset="http://www.memorialcompanyssabadell.cat/wp-content/uploads/2023/10/5802891998678595949_121-1024x576.jpg 1024w, http://www.memorialcompanyssabadell.cat/wp-content/uploads/2023/10/5802891998678595949_121-300x169.jpg 300w, http://www.memorialcompanyssabadell.cat/wp-content/uploads/2023/10/5802891998678595949_121-768x432.jpg 768w, http://www.memorialcompanyssabadell.cat/wp-content/uploads/2023/10/5802891998678595949_121-500x281.jpg 500w, http://www.memorialcompanyssabadell.cat/wp-content/uploads/2023/10/5802891998678595949_121.jpg 1280w" sizes="auto, (max-width: 1024px) 100vw, 1024px" /></figure>



<figure class="wp-block-image size-large"><img loading="lazy" decoding="async" width="1024" height="768" data-id="1600" src="http://www.memorialcompanyssabadell.cat/wp-content/uploads/2023/10/5802891998678595961_121-1024x768.jpg" alt="" class="wp-image-1600" srcset="http://www.memorialcompanyssabadell.cat/wp-content/uploads/2023/10/5802891998678595961_121-1024x768.jpg 1024w, http://www.memorialcompanyssabadell.cat/wp-content/uploads/2023/10/5802891998678595961_121-300x225.jpg 300w, http://www.memorialcompanyssabadell.cat/wp-content/uploads/2023/10/5802891998678595961_121-768x576.jpg 768w, http://www.memorialcompanyssabadell.cat/wp-content/uploads/2023/10/5802891998678595961_121-400x300.jpg 400w, http://www.memorialcompanyssabadell.cat/wp-content/uploads/2023/10/5802891998678595961_121.jpg 1280w" sizes="auto, (max-width: 1024px) 100vw, 1024px" /></figure>



<figure class="wp-block-image size-large"><img loading="lazy" decoding="async" width="1024" height="485" data-id="1601" src="http://www.memorialcompanyssabadell.cat/wp-content/uploads/2023/10/5802891998678595962_121-1024x485.jpg" alt="" class="wp-image-1601" srcset="http://www.memorialcompanyssabadell.cat/wp-content/uploads/2023/10/5802891998678595962_121-1024x485.jpg 1024w, http://www.memorialcompanyssabadell.cat/wp-content/uploads/2023/10/5802891998678595962_121-300x142.jpg 300w, http://www.memorialcompanyssabadell.cat/wp-content/uploads/2023/10/5802891998678595962_121-768x364.jpg 768w, http://www.memorialcompanyssabadell.cat/wp-content/uploads/2023/10/5802891998678595962_121-500x237.jpg 500w, http://www.memorialcompanyssabadell.cat/wp-content/uploads/2023/10/5802891998678595962_121.jpg 1280w" sizes="auto, (max-width: 1024px) 100vw, 1024px" /></figure>



<figure class="wp-block-image size-large"><img loading="lazy" decoding="async" width="1024" height="768" data-id="1597" src="http://www.memorialcompanyssabadell.cat/wp-content/uploads/2023/10/5802891998678595960_121-1024x768.jpg" alt="" class="wp-image-1597" srcset="http://www.memorialcompanyssabadell.cat/wp-content/uploads/2023/10/5802891998678595960_121-1024x768.jpg 1024w, http://www.memorialcompanyssabadell.cat/wp-content/uploads/2023/10/5802891998678595960_121-300x225.jpg 300w, http://www.memorialcompanyssabadell.cat/wp-content/uploads/2023/10/5802891998678595960_121-768x576.jpg 768w, http://www.memorialcompanyssabadell.cat/wp-content/uploads/2023/10/5802891998678595960_121-400x300.jpg 400w, http://www.memorialcompanyssabadell.cat/wp-content/uploads/2023/10/5802891998678595960_121.jpg 1280w" sizes="auto, (max-width: 1024px) 100vw, 1024px" /></figure>



<figure class="wp-block-image size-large"><img loading="lazy" decoding="async" width="1024" height="576" data-id="1594" src="http://www.memorialcompanyssabadell.cat/wp-content/uploads/2023/10/5802891998678595948_121-1024x576.jpg" alt="" class="wp-image-1594" srcset="http://www.memorialcompanyssabadell.cat/wp-content/uploads/2023/10/5802891998678595948_121-1024x576.jpg 1024w, http://www.memorialcompanyssabadell.cat/wp-content/uploads/2023/10/5802891998678595948_121-300x169.jpg 300w, http://www.memorialcompanyssabadell.cat/wp-content/uploads/2023/10/5802891998678595948_121-768x432.jpg 768w, http://www.memorialcompanyssabadell.cat/wp-content/uploads/2023/10/5802891998678595948_121-500x281.jpg 500w, http://www.memorialcompanyssabadell.cat/wp-content/uploads/2023/10/5802891998678595948_121.jpg 1280w" sizes="auto, (max-width: 1024px) 100vw, 1024px" /></figure>



<figure class="wp-block-image size-large"><img loading="lazy" decoding="async" width="1024" height="576" data-id="1596" src="http://www.memorialcompanyssabadell.cat/wp-content/uploads/2023/10/5802891998678595950_121-1024x576.jpg" alt="" class="wp-image-1596" srcset="http://www.memorialcompanyssabadell.cat/wp-content/uploads/2023/10/5802891998678595950_121-1024x576.jpg 1024w, http://www.memorialcompanyssabadell.cat/wp-content/uploads/2023/10/5802891998678595950_121-300x169.jpg 300w, http://www.memorialcompanyssabadell.cat/wp-content/uploads/2023/10/5802891998678595950_121-768x432.jpg 768w, http://www.memorialcompanyssabadell.cat/wp-content/uploads/2023/10/5802891998678595950_121-500x281.jpg 500w, http://www.memorialcompanyssabadell.cat/wp-content/uploads/2023/10/5802891998678595950_121.jpg 1280w" sizes="auto, (max-width: 1024px) 100vw, 1024px" /></figure>



<figure class="wp-block-image size-large"><img loading="lazy" decoding="async" width="1024" height="576" data-id="1595" src="http://www.memorialcompanyssabadell.cat/wp-content/uploads/2023/10/5802891998678595951_121-1024x576.jpg" alt="" class="wp-image-1595" srcset="http://www.memorialcompanyssabadell.cat/wp-content/uploads/2023/10/5802891998678595951_121-1024x576.jpg 1024w, http://www.memorialcompanyssabadell.cat/wp-content/uploads/2023/10/5802891998678595951_121-300x169.jpg 300w, http://www.memorialcompanyssabadell.cat/wp-content/uploads/2023/10/5802891998678595951_121-768x432.jpg 768w, http://www.memorialcompanyssabadell.cat/wp-content/uploads/2023/10/5802891998678595951_121-500x281.jpg 500w, http://www.memorialcompanyssabadell.cat/wp-content/uploads/2023/10/5802891998678595951_121.jpg 1280w" sizes="auto, (max-width: 1024px) 100vw, 1024px" /></figure>
</figure>



<p>Agraïm a en Genís Ribé i en Marc Serrano Òssul que ens hagin cedit aquestes fotografies.</p>

<p>El 14 de març d&#8217;enguany, l&#8217;historiador Arnau Berenguer fa fer la conferència Seguí, Companys i Layret. Sindicalisme i republicanisme federal a la Catalunya i al Sabadell de principis del segle XX. Aquest acte, que forma part del programa d&#8217;enguany del &hellip; <a href="http://www.memorialcompanyssabadell.cat/?page_id=1592">Continua llegint <span class="meta-nav">&rarr;</span></a></p>
